{"id":522,"date":"2011-04-20T14:25:42","date_gmt":"2011-04-20T14:25:42","guid":{"rendered":".\/?page_id=522"},"modified":"2011-04-26T12:12:24","modified_gmt":"2011-04-26T12:12:24","slug":"administrare-patrimoniu","status":"publish","type":"page","link":"https:\/\/comunavladimir.ro\/?page_id=522","title":{"rendered":"Administrare patrimoniu"},"content":{"rendered":"<table border=\"0\" cellspacing=\"0\" cellpadding=\"4\" width=\"100%\" align=\"center\">\n<tbody>\n<tr>\n<td colspan=\"2\">Acte necesare pentru :<\/td>\n<\/tr>\n<tr>\n<td colspan=\"2\"><strong><big>\u00b7<\/big><\/strong>\u00a0\u00a0<a href=\"#105\">Apartament\u0103ri, parcel\u0103ri (dezlipiri, alipiri) &#8211; imobile proprietatea statului rom\u00e2n<\/a><\/p>\n<hr \/>\n<p><strong><big>\u00b7<\/big><\/strong>\u00a0\u00a0<a href=\"#106\">Atribuire teren tinerilor cu v\u00e2rsta cuprins\u0103 \u00eentre 18 \u015fi 35 de ani, pentru construirea unei locuin\u0163e proprietate personal\u0103, \u00een baza Legii nr.15\/2003<\/a><\/p>\n<hr \/>\n<p><strong><big>\u00b7<\/big><\/strong>\u00a0\u00a0<a href=\"#107\">\u00cenchirieri terenuri agricole\u00a0<\/a><\/p>\n<hr \/>\n<p><strong><big>\u00b7<\/big><\/strong>\u00a0\u00a0<a href=\"#108\">Prelungirea contractului de \u00eenchiriere pentru spa\u0163ii cu alt\u0103 destina\u0163ie dec\u00e2t cea de locuin\u0163\u0103\u00een baza Legii nr. 15\/1990\u00a0<\/a><\/p>\n<hr \/>\n<p><strong><big>\u00b7<\/big><\/strong>\u00a0\u00a0<a href=\"#109\">Concesion\u0103ri de terenuri pentru extinderea construc\u0163iilor, f\u0103r\u0103 licita\u0163ie public\u0103 <\/a><\/p>\n<hr \/>\n<p><strong><big>\u00b7<\/big><\/strong>\u00a0\u00a0<a href=\"#110\">Transcrierea contractului de concesionare, \u00eencheiate \u00een baza Legii nr.50\/1991, republicat\u0103<\/a><\/p>\n<hr \/>\n<p><strong><big>\u00b7<\/big><\/strong>\u00a0\u00a0<a href=\"#111\">Transmiterea \u00een folosin\u0163\u0103 gratuit\u0103 a terenului pentru culte religioase, asocia\u0163ii, funda\u0163ii<\/a><\/p>\n<hr \/>\n<p><strong><big>\u00b7<\/big><\/strong>\u00a0\u00a0<a href=\"#112\">Ie\u015firi din indiviziune<\/a><\/p>\n<hr \/>\n<p><strong><big>\u00b7<\/big><\/strong>\u00a0\u00a0<a href=\"#113\">Accept\u0103ri dona\u0163ii<\/a><\/p>\n<hr \/>\n<p><strong><big>\u00b7<\/big><\/strong>\u00a0\u00a0<a href=\"#114\">Schimburi de imobile<\/a><\/p>\n<hr \/>\n<p><strong><big>\u00b7<\/big><\/strong>\u00a0\u00a0<a href=\"#115\">Cump\u0103rarea locuin\u0163ei construit\u0103 din fondurile Statului Rom\u00e2n \u00een baza Legii nr.85\/1992<\/a><\/p>\n<hr \/>\n<p><strong><big>\u00b7<\/big><\/strong>\u00a0\u00a0<a href=\"#116\">Cump\u0103rarea locuin\u0163ei \u015fi anexelor aflate \u00een proprietatea statului, altele dec\u00e2t cele executate din fondurile statului sau prin sprijinul statului cu credite \u015fi execu\u0163ie \u00een baza Legii nr.112\/1995<\/a><\/p>\n<hr \/>\n<p><strong><big>\u00b7<\/big><\/strong>\u00a0\u00a0<a href=\"#117\">Eliberare adeverin\u0163\u0103 pentru corectare adres\u0103, notare adres\u0103, modificare componen\u0163\u0103 apartament, corectare suprafa\u0163\u0103 teren pentru imobilele proprietatea statului rom\u00e2n<\/a><\/p>\n<hr \/>\n<p><strong><big>\u00b7<\/big><\/strong>\u00a0\u00a0<a href=\"#118\">Concesionarea, v\u00e2nzarea sau \u00eenchirierea terenurilor apar\u0163in\u00e2nd unit\u0103\u0163ilor administrativ-teritoriale, c\u0103tre societ\u0103\u0163i comerciale privatizate \u00een baza HGR nr.577\/2002 <\/a><\/p>\n<hr \/>\n<p><strong><big>\u00b7<\/big><\/strong>\u00a0\u00a0<a href=\"#119\">Predare imobile \u00een baza dispozi\u0163iilor emise \u00een Baza Legii nr.10\/2001 \/pe baz\u0103 de sentin\u0163e judec\u0103tore\u015fti \/ \u00een urma licita\u0163ilor publice de v\u00e2nzare<\/a><\/p>\n<hr \/>\n<\/td>\n<\/tr>\n<\/tbody>\n<\/table>\n<p>\u00a0<\/p>\n<table border=\"0\" cellspacing=\"0\" cellpadding=\"4\" width=\"100%\">\n<tbody>\n<tr>\n<td colspan=\"2\">Lista detaliat\u0103 cu acte :<\/td>\n<\/tr>\n<\/tbody>\n<\/table>\n<table border=\"0\" cellspacing=\"0\" cellpadding=\"0\" width=\"99.2%\" align=\"center\" bgcolor=\"#eeeeee\">\n<tbody>\n<tr>\n<td>\n<table border=\"2\" cellspacing=\"6\" cellpadding=\"0\" width=\"100%\">\n<tbody>\n<tr>\n<td align=\"left\"><a name=\"105\"><\/a><strong>Apartament\u0103ri, parcel\u0103ri (dezlipiri, alipiri) &#8211; imobile proprietatea statului rom\u00e2n<\/strong><\/td>\n<\/tr>\n<tr>\n<td><span>&#8211; Cerere; &#8211; extrase carte funciar\u0103, actualizate; &#8211; 5 exemplare originale de documenta\u0163ii tehnice cadastrale; &#8211; Certificat de urbanism (dezlipiri, alipiri); &#8211; Achitarea taxei speciale de cadastru la ridicarea lucr\u0103rii. <\/span><\/td>\n<\/tr>\n<tr>\n<td align=\"right\"><a href=\"#\">Sus<\/a><\/td>\n<\/tr>\n<\/tbody>\n<\/table>\n<\/td>\n<\/tr>\n<\/tbody>\n<\/table>\n<p>\u00a0<\/p>\n<table border=\"0\" cellspacing=\"0\" cellpadding=\"0\" width=\"99.2%\" align=\"center\" bgcolor=\"#eeeeee\">\n<tbody>\n<tr>\n<td>\n<table border=\"2\" cellspacing=\"6\" cellpadding=\"0\" width=\"100%\">\n<tbody>\n<tr>\n<td align=\"left\"><a name=\"106\"><\/a><strong>Atribuire teren tinerilor cu v\u00e2rsta cuprins\u0103 \u00eentre 18 \u015fi 35 de ani, pentru construirea unei locuin\u0163e proprietate personal\u0103, \u00een baza Legii nr.15\/2003<\/strong><\/td>\n<\/tr>\n<tr>\n<td><span>&#8211; <a href=\".\/pdf\/Formulare\/tipizate\/pdfe164.pdf\">cerere tip (PMA T4-F-19)<\/a>; &#8211; memoriu cu privire situa\u0163ia locativ\u0103; &#8211; copia actului de identitate; &#8211; copia certificatului de na\u015ftere; &#8211; copia certificatului de c\u0103s\u0103torie (dup\u0103 caz); &#8211; copia certificatelor de na\u015ftere a copiilor (dup\u0103 caz); &#8211; declara\u0163ie pe propria r\u0103spundere; &#8211; cazier judiciar; &#8211; adeverin\u0163\u0103 de la locul de munc\u0103; &#8211; adeverin\u0163\u0103 de la facultate (dup\u0103 caz); &#8211; dosar. <\/span><\/td>\n<\/tr>\n<tr>\n<td align=\"right\"><a href=\"#\">Sus<\/a><\/td>\n<\/tr>\n<\/tbody>\n<\/table>\n<\/td>\n<\/tr>\n<\/tbody>\n<\/table>\n<p>\u00a0<\/p>\n<table border=\"0\" cellspacing=\"0\" cellpadding=\"0\" width=\"99.2%\" align=\"center\" bgcolor=\"#eeeeee\">\n<tbody>\n<tr>\n<td>\n<table border=\"2\" cellspacing=\"6\" cellpadding=\"0\" width=\"100%\">\n<tbody>\n<tr>\n<td align=\"left\"><a name=\"107\"><\/a><strong>\u00cenchirieri terenuri agricole <\/strong><\/td>\n<\/tr>\n<tr>\n<td><span>&#8211; cerere; &#8211; copia actului de identitate; &#8211; copia cuponului de pensie; &#8211; achitare pre\u0163 chirie. <strong>Important:<\/strong> Cererile se pot depune p\u00e2n\u0103 \u00een ultima zi a primului trimestru din anul \u00een curs. <\/span><\/td>\n<\/tr>\n<tr>\n<td align=\"right\"><a href=\"#\">Sus<\/a><\/td>\n<\/tr>\n<\/tbody>\n<\/table>\n<\/td>\n<\/tr>\n<\/tbody>\n<\/table>\n<p>\u00a0<\/p>\n<table border=\"0\" cellspacing=\"0\" cellpadding=\"0\" width=\"99.2%\" align=\"center\" bgcolor=\"#eeeeee\">\n<tbody>\n<tr>\n<td>\n<table border=\"2\" cellspacing=\"6\" cellpadding=\"0\" width=\"100%\">\n<tbody>\n<tr>\n<td align=\"left\"><a name=\"108\"><\/a><strong>Prelungirea contractului de \u00eenchiriere pentru spa\u0163ii cu alt\u0103 destina\u0163ie dec\u00e2t cea de locuin\u0163\u0103\u00een baza Legii nr. 15\/1990 <\/strong><\/td>\n<\/tr>\n<tr>\n<td><span><strong>a) Pentru Societ\u0103\u0163i comerciale, Societ\u0103\u0163i pe ac\u0163iuni<\/strong> &#8211; cerere; &#8211; statutul societ\u0103\u0163ii cu modific\u0103rile ulterioare (dup\u0103 caz); &#8211; copie CUI; &#8211; copie act de identitate al reprezentatului societ\u0103\u0163ii; &#8211; actul de numire al reprezentantului societ\u0103\u0163ii; &#8211; certificat constatator; &#8211; cod IBAN; &#8211; extras de carte funciar\u0103 actualizat al spa\u0163iului; &#8211; dovada achit\u0103rii chiriei la zi. <strong>b) Asocia\u0163ii familiale \u015fi persoane fizice<\/strong> &#8211; cerere; &#8211; autoriza\u0163ie de func\u0163ionare vizat\u0103 pe anul \u00een curs; &#8211; certificat de \u00eenregistrare fiscal\u0103; &#8211; copie act de identitate al reprezentatului societ\u0103\u0163ii; &#8211; extras de carte funciar\u0103 actualizat al spa\u0163iului; &#8211; cod IBAN; &#8211; dovada achit\u0103rii chiriei la zi. <strong>c) Institu\u0163ii publice, Autorit\u0103\u0163i Agen\u0163ii Na\u0163ionale, Inspectorate Jude\u0163ene etc.<\/strong> &#8211; cerere; &#8211; copia actului \u00een baza c\u0103reia s-a \u00eenfiin\u0163at \u015fi func\u0163ioneaz\u0103 institu\u0163ia, cu complet\u0103rile si modific\u0103rile ulterioare; &#8211; actul de numire al reprezentantului legal; &#8211; copie a codului de \u00eenregistrare fiscal\u0103; &#8211; copie act de identitate al reprezentatului societ\u0103\u0163ii; &#8211; extras de carte funciar\u0103 actualizat al spa\u0163iului; &#8211; cod IBAN; &#8211; dovada achit\u0103rii chiriei la zi. <strong>d) Partide Politice<\/strong> &#8211; cerere; &#8211; statut; &#8211; hot\u0103r\u00e2rea Tribunalului Bucure\u015fti definitiv\u0103 \u015fi irevocabil\u0103 de \u00eenfiin\u0163are a partidului; &#8211; copie act de identitate al reprezentatului partidului; &#8211; actul de numire a reprezentantului partidului; &#8211; cod de \u00eenregistrare fiscal\u0103; &#8211; extras de carte funciar\u0103 actualizat al spa\u0163iului; &#8211; cod IBAN; &#8211; dovada achit\u0103rii chiriei la zi. <strong>e) Asocia\u0163ii, Funda\u0163ii, Culte, etc.<\/strong> &#8211; cerere; &#8211; statut; &#8211; Certificat de \u00cenregistrare fiscal\u0103; &#8211; Legea \u00een baza c\u0103reia func\u0163ioneaz\u0103, cu modific\u0103rile ulterioare; &#8211; copie act de identitate al reprezentatului; &#8211; actul de numire al reprezentantului; &#8211; extras de carte funciar\u0103 actualizat al spa\u0163iului; &#8211; cod IBAN; &#8211; dovada achit\u0103rii chiriei la zi. <\/span><\/td>\n<\/tr>\n<tr>\n<td align=\"right\"><a href=\"#\">Sus<\/a><\/td>\n<\/tr>\n<\/tbody>\n<\/table>\n<\/td>\n<\/tr>\n<\/tbody>\n<\/table>\n<p>\u00a0<\/p>\n<table border=\"0\" cellspacing=\"0\" cellpadding=\"0\" width=\"99.2%\" align=\"center\" bgcolor=\"#eeeeee\">\n<tbody>\n<tr>\n<td>\n<table border=\"2\" cellspacing=\"6\" cellpadding=\"0\" width=\"100%\">\n<tbody>\n<tr>\n<td align=\"left\"><a name=\"109\"><\/a><strong>Concesion\u0103ri de terenuri pentru extinderea construc\u0163iilor, f\u0103r\u0103 licita\u0163ie public\u0103 <\/strong><\/td>\n<\/tr>\n<tr>\n<td><span><strong>Pentru persoane fizice:<\/strong> &#8211; cerere; &#8211; extras de carte funciar\u0103 actualizat a terenului solicitat; &#8211; extras de carte funciar\u0103 actualizat a imobilului proprietate privat\u0103; &#8211; certificat de urbanism; &#8211; plan de situa\u0163ie; &#8211; copia actului de identitate a solicitantului. <strong>Pentru persoane juridice:<\/strong> &#8211; cerere; &#8211; extras de carte funciar\u0103 actualizat a terenului solicitat; &#8211; extras de carte funciar\u0103 actualizat a imobilului proprietate privat\u0103; &#8211; certificat de urbanism; &#8211; plan de situa\u0163ie; &#8211; copia actului de identitate a reprezentantului societ\u0103\u0163ii; &#8211; certificat constatator; &#8211; Statut; &#8211; copie CUI. <\/span><\/td>\n<\/tr>\n<tr>\n<td align=\"right\"><a href=\"#\">Sus<\/a><\/td>\n<\/tr>\n<\/tbody>\n<\/table>\n<\/td>\n<\/tr>\n<\/tbody>\n<\/table>\n<p>\u00a0<\/p>\n<table border=\"0\" cellspacing=\"0\" cellpadding=\"0\" width=\"99.2%\" align=\"center\" bgcolor=\"#eeeeee\">\n<tbody>\n<tr>\n<td>\n<table border=\"2\" cellspacing=\"6\" cellpadding=\"0\" width=\"100%\">\n<tbody>\n<tr>\n<td align=\"left\"><a name=\"110\"><\/a><strong>Transcrierea contractului de concesionare, \u00eencheiate \u00een baza Legii nr.50\/1991, republicat\u0103<\/strong><\/td>\n<\/tr>\n<tr>\n<td><span><strong>Pentru persoane fizice:<\/strong> &#8211; cerere; &#8211; copia contractului de v\u00e2nzare cump\u0103rare a construc\u0163iei; &#8211; extrasul de carte funciar\u0103 actualizat; &#8211; copia actului de identitate al cump\u0103r\u0103torului construc\u0163iei. <strong>Pentru persoane juridice:<\/strong> &#8211; cerere; &#8211; copia contractului de v\u00e2nzare cump\u0103rare a construc\u0163iei; &#8211; extrasul de carte funciar\u0103 actualizat; &#8211; copia actului de identitate a cump\u0103r\u0103torului construc\u0163iei; &#8211; Statul; &#8211; Copie CUI; &#8211; copie act de identitate al reprezentatului societ\u0103\u0163ii. <\/span><\/td>\n<\/tr>\n<tr>\n<td align=\"right\"><a href=\"#\">Sus<\/a><\/td>\n<\/tr>\n<\/tbody>\n<\/table>\n<\/td>\n<\/tr>\n<\/tbody>\n<\/table>\n<p>\u00a0<\/p>\n<table border=\"0\" cellspacing=\"0\" cellpadding=\"0\" width=\"99.2%\" align=\"center\" bgcolor=\"#eeeeee\">\n<tbody>\n<tr>\n<td>\n<table border=\"2\" cellspacing=\"6\" cellpadding=\"0\" width=\"100%\">\n<tbody>\n<tr>\n<td align=\"left\"><a name=\"111\"><\/a><strong>Transmiterea \u00een folosin\u0163\u0103 gratuit\u0103 a terenului pentru culte religioase, asocia\u0163ii, funda\u0163ii<\/strong><\/td>\n<\/tr>\n<tr>\n<td><span>&#8211; cerere; &#8211; extras de carte funciar\u0103 actualizat a terenului solicitat; &#8211; Certificat de urbanism; &#8211; Statut\/Act constitutiv; &#8211; plan de situa\u0163ie. <\/span><\/td>\n<\/tr>\n<tr>\n<td align=\"right\"><a href=\"#\">Sus<\/a><\/td>\n<\/tr>\n<\/tbody>\n<\/table>\n<\/td>\n<\/tr>\n<\/tbody>\n<\/table>\n<p>\u00a0<\/p>\n<table border=\"0\" cellspacing=\"0\" cellpadding=\"0\" width=\"99.2%\" align=\"center\" bgcolor=\"#eeeeee\">\n<tbody>\n<tr>\n<td>\n<table border=\"2\" cellspacing=\"6\" cellpadding=\"0\" width=\"100%\">\n<tbody>\n<tr>\n<td align=\"left\"><a name=\"112\"><\/a><strong>Ie\u015firi din indiviziune<\/strong><\/td>\n<\/tr>\n<tr>\n<td><span>&#8211; cerere; &#8211; extras de carte funciar\u0103 actualizat; &#8211; raport de evaluare al imobilului \u00eentocmit de un expert evaluator ANEVAR; &#8211; plan de situa\u0163ie. <\/span><\/td>\n<\/tr>\n<tr>\n<td align=\"right\"><a href=\"#\">Sus<\/a><\/td>\n<\/tr>\n<\/tbody>\n<\/table>\n<\/td>\n<\/tr>\n<\/tbody>\n<\/table>\n<p>\u00a0<\/p>\n<table border=\"0\" cellspacing=\"0\" cellpadding=\"0\" width=\"99.2%\" align=\"center\" bgcolor=\"#eeeeee\">\n<tbody>\n<tr>\n<td>\n<table border=\"2\" cellspacing=\"6\" cellpadding=\"0\" width=\"100%\">\n<tbody>\n<tr>\n<td align=\"left\"><a name=\"113\"><\/a><strong>Accept\u0103ri dona\u0163ii<\/strong><\/td>\n<\/tr>\n<tr>\n<td><span>&#8211; cerere; &#8211; extrase de carte funciar\u0103 actualizate ale imobilelor; &#8211; plan de situa\u0163ie <\/span><\/td>\n<\/tr>\n<tr>\n<td align=\"right\"><a href=\"#\">Sus<\/a><\/td>\n<\/tr>\n<\/tbody>\n<\/table>\n<\/td>\n<\/tr>\n<\/tbody>\n<\/table>\n<p>\u00a0<\/p>\n<table border=\"0\" cellspacing=\"0\" cellpadding=\"0\" width=\"99.2%\" align=\"center\" bgcolor=\"#eeeeee\">\n<tbody>\n<tr>\n<td>\n<table border=\"2\" cellspacing=\"6\" cellpadding=\"0\" width=\"100%\">\n<tbody>\n<tr>\n<td align=\"left\"><a name=\"114\"><\/a><strong>Schimburi de imobile<\/strong><\/td>\n<\/tr>\n<tr>\n<td><span>&#8211; cerere; &#8211; extrase de carte funciar\u0103 actualizate ale imobilelor; &#8211; Certificat de urbanism pentru ambele terenuri; &#8211; raport de evaluare al imobilelor \u00eentocmit de un expert evaluator ANEVAR; &#8211; plan de situa\u0163ie. <\/span><\/td>\n<\/tr>\n<tr>\n<td align=\"right\"><a href=\"#\">Sus<\/a><\/td>\n<\/tr>\n<\/tbody>\n<\/table>\n<\/td>\n<\/tr>\n<\/tbody>\n<\/table>\n<p>\u00a0<\/p>\n<table border=\"0\" cellspacing=\"0\" cellpadding=\"0\" width=\"99.2%\" align=\"center\" bgcolor=\"#eeeeee\">\n<tbody>\n<tr>\n<td>\n<table border=\"2\" cellspacing=\"6\" cellpadding=\"0\" width=\"100%\">\n<tbody>\n<tr>\n<td align=\"left\"><a name=\"115\"><\/a><strong>Cump\u0103rarea locuin\u0163ei construit\u0103 din fondurile Statului Rom\u00e2n \u00een baza Legii nr.85\/1992<\/strong><\/td>\n<\/tr>\n<tr>\n<td><span>&#8211; <a href=\".\/pdf\/Formulare\/tipizate\/pdfe165.pdf\">Cerere tip (PMA T4-F-20)<\/a>; &#8211; Copia Contractului de \u00eenchiriere vizat de Serviciul Fond Locativ din cadrul PMA; &#8211; Copia actului de identitate a titularului contractului de \u00eenchiriere (ambii so\u0163i dac\u0103 e cazul); &#8211; Dovada de plat\u0103 a chiriei la zi (viz\u0103 pe contract); &#8211; Extras de Carte funciar\u0103 actualizat; &#8211; Copia colii de carte funciar\u0103; &#8211; Declara\u0163ie notarial\u0103 prin care cump\u0103r\u0103torul declar\u0103 c\u0103 at\u00e2t el c\u00e2t nici membrii familiei, a\u015fa cum este definit\u0103 familia \u00een Legea nr.85\/1992, republicat\u0103, nu de\u0163in cu chirie sau \u00een proprietate alt\u0103 locuin\u0163\u0103 construit\u0103 din fondurile statului, \u015fi nu au \u00eenstr\u0103inat dup\u0103 01.01.1990 o locuin\u0163\u0103 proprietate personal\u0103 \u00een localitatea de domiciliu; &#8211; Releveul locuin\u0163ei; &#8211; Plan de situa\u0163ie; &#8211; Dosar plic. <\/span><\/td>\n<\/tr>\n<tr>\n<td align=\"right\"><a href=\"#\">Sus<\/a><\/td>\n<\/tr>\n<\/tbody>\n<\/table>\n<\/td>\n<\/tr>\n<\/tbody>\n<\/table>\n<p>\u00a0<\/p>\n<table border=\"0\" cellspacing=\"0\" cellpadding=\"0\" width=\"99.2%\" align=\"center\" bgcolor=\"#eeeeee\">\n<tbody>\n<tr>\n<td>\n<table border=\"2\" cellspacing=\"6\" cellpadding=\"0\" width=\"100%\">\n<tbody>\n<tr>\n<td align=\"left\"><a name=\"116\"><\/a><strong>Cump\u0103rarea locuin\u0163ei \u015fi anexelor aflate \u00een proprietatea statului, altele dec\u00e2t cele executate din fondurile statului sau prin sprijinul statului cu credite \u015fi execu\u0163ie \u00een baza Legii nr.112\/1995<\/strong><\/td>\n<\/tr>\n<tr>\n<td><span>&#8211; <a href=\".\/pdf\/Formulare\/tipizate\/pdfe166.pdf\">Cerere tip (PMA T4-F-21)<\/a>; &#8211; Copia Contractului de \u00eenchiriere vizat de Serviciul Fond Locativ din cadrul PMA; &#8211; Copia actului de identitate a titularului contractului de \u00eenchiriere (ambii so\u0163i dac\u0103 e cazul); &#8211; Dovada de plat\u0103 a chiriei la zi (viz\u0103 pe contract); &#8211; Extras de Carte funciar\u0103 actualizat; &#8211; Copia colii de carte funciar\u0103; &#8211; Declara\u0163ie notarial\u0103 a ambilor so\u0163i (f\u0103cut\u0103 \u015fi \u00een numele copiilor minori) din care s\u0103 rezulte c\u0103 nu de\u0163in, nu au dob\u00e2ndit \u015fi nu au \u00eenstr\u0103inat dup\u0103 01.01.1990 o locuin\u0163\u0103 proprietate personal\u0103 \u00een localitatea de domiciliu; &#8211; Releveul locuin\u0163ei; &#8211; Plan de situa\u0163ie; &#8211; Dosar plic. <strong>IMPORTANT<\/strong> <em>Conform prevederilor art.6 din HGR nr.20\/1996, republicat\u0103 \u2013 pentru aprobarea Normelor Metodologice privind aplicarea Legii nr.112\/1995 pentru reglementarea situa\u0163iei juridice a unor imobile cu destina\u0163ia de locuin\u0163e trecute \u00een proprietatea statului nu este posibil\u0103 v\u00e2nzarea locuin\u0163elor pentru locatarii care au contracte de \u00eenchiriere valabil \u00eencheiate, dup\u0103 data apari\u0163iei Legii nr.112\/1995, respectiv 27.01.1996.<\/em> <\/span><\/td>\n<\/tr>\n<tr>\n<td align=\"right\"><a href=\"#\">Sus<\/a><\/td>\n<\/tr>\n<\/tbody>\n<\/table>\n<\/td>\n<\/tr>\n<\/tbody>\n<\/table>\n<p>\u00a0<\/p>\n<table border=\"0\" cellspacing=\"0\" cellpadding=\"0\" width=\"99.2%\" align=\"center\" bgcolor=\"#eeeeee\">\n<tbody>\n<tr>\n<td>\n<table border=\"2\" cellspacing=\"6\" cellpadding=\"0\" width=\"100%\">\n<tbody>\n<tr>\n<td align=\"left\"><a name=\"117\"><\/a><strong>Eliberare adeverin\u0163\u0103 pentru corectare adres\u0103, notare adres\u0103, modificare componen\u0163\u0103 apartament, corectare suprafa\u0163\u0103 teren pentru imobilele proprietatea statului rom\u00e2n<\/strong><\/td>\n<\/tr>\n<tr>\n<td><span>&#8211; Cerere; &#8211; extras de carte funciar\u0103 actualizat; &#8211; copia contractului de v\u00e2nzare-cump\u0103rare (dup\u0103 caz). <\/span><\/td>\n<\/tr>\n<tr>\n<td align=\"right\"><a href=\"#\">Sus<\/a><\/td>\n<\/tr>\n<\/tbody>\n<\/table>\n<\/td>\n<\/tr>\n<\/tbody>\n<\/table>\n<p>\u00a0<\/p>\n<table border=\"0\" cellspacing=\"0\" cellpadding=\"0\" width=\"99.2%\" align=\"center\" bgcolor=\"#eeeeee\">\n<tbody>\n<tr>\n<td>\n<table border=\"2\" cellspacing=\"6\" cellpadding=\"0\" width=\"100%\">\n<tbody>\n<tr>\n<td align=\"left\"><a name=\"118\"><\/a><strong>Concesionarea, v\u00e2nzarea sau \u00eenchirierea terenurilor apar\u0163in\u00e2nd unit\u0103\u0163ilor administrativ-teritoriale, c\u0103tre societ\u0103\u0163i comerciale privatizate\u00a0 <\/strong><\/td>\n<\/tr>\n<tr>\n<td><span>&#8211; memoriu privind justificarea folosin\u0163ei terenului; &#8211; \u00eemputernicirea acordat\u0103 persoanei care reprezint\u0103 investitorul la negociere, dac\u0103 este cazul; &#8211; copii de pe certificatul de \u00eenmatriculare eliberat de oficiul registrului comer\u0163ului, de pe actul constitutiv, actele adi\u0163ionale relevante \u015fi de pe certificatul de \u00eenregistrare fiscal\u0103; &#8211; scrisoare de bonitate financiar\u0103, eliberat\u0103 de o societate bancar\u0103 rom\u00e2n\u0103; &#8211; certificat de atestare fiscal\u0103 eliberat de organul fiscal competent; &#8211; declara\u0163ie pe propria r\u0103spundere c\u0103 nu se afl\u0103 \u00een reorganizare judiciar\u0103 sau \u00een faliment; &#8211; certificat de plat\u0103 a impozitelor \u015fi taxelor locale; &#8211; plan de situa\u0163ie avizat cu stabilire POT \u015fi CUT; &#8211; Identificarea terenului conform CF sau lucrarea de alipire-dezlipire necesar\u0103 avizat\u0103; &#8211; extras de Carte funciar\u0103 actualizat. <\/span><\/td>\n<\/tr>\n<tr>\n<td align=\"right\"><a href=\"#\">Sus<\/a><\/td>\n<\/tr>\n<\/tbody>\n<\/table>\n<\/td>\n<\/tr>\n<\/tbody>\n<\/table>\n<p>\u00a0<\/p>\n<table border=\"0\" cellspacing=\"0\" cellpadding=\"0\" width=\"99.2%\" align=\"center\" bgcolor=\"#eeeeee\">\n<tbody>\n<tr>\n<td>\n<table border=\"2\" cellspacing=\"6\" cellpadding=\"0\" width=\"100%\">\n<tbody>\n<tr>\n<td align=\"left\"><a name=\"119\"><\/a><strong>Predare imobile \u00een baza dispozi\u0163iilor emise \u00een Baza Legii nr.10\/2001 \/pe baz\u0103 de sentin\u0163e judec\u0103tore\u015fti \/ \u00een urma licita\u0163ilor publice de v\u00e2nzare<\/strong><\/td>\n<\/tr>\n<tr>\n<td><span>&#8211; cerere; &#8211; dispozi\u0163ia Primarului referitoare la aplicarea prevederilor Legii nr.10\/2001; &#8211; extrase de Carte funciar\u0103 cu publicitatea imobiliar\u0103 efectuat\u0103 pentru Dispozi\u0163ia Primarului; &#8211; copia sentin\u0163ei investit\u0103 definitiv\u0103 \u015fi irevocabil\u0103 (dup\u0103 caz); &#8211; extras de Carte funciar\u0103 cu publicitatea imobiliar\u0103 efectuat\u0103 pentru sentin\u0163\u0103 (dup\u0103 caz). <\/span><\/td>\n<\/tr>\n<tr>\n<td align=\"right\"><a href=\"#\">Sus<\/a><\/td>\n<\/tr>\n<\/tbody>\n<\/table>\n<\/td>\n<\/tr>\n<\/tbody>\n<\/table>\n<p style=\"text-align: center;\"><span>[ <a title=\"Acte necesare\" href=\".\/?page_id=420\">index Acte Necesare<\/a> ]<\/span><\/p>\n","protected":false},"excerpt":{"rendered":"<p>Acte necesare pentru : \u00b7\u00a0\u00a0Apartament\u0103ri, parcel\u0103ri (dezlipiri, alipiri) &#8211; imobile proprietatea statului rom\u00e2n \u00b7\u00a0\u00a0Atribuire teren tinerilor cu v\u00e2rsta cuprins\u0103 \u00eentre 18 \u015fi 35 de ani, pentru construirea unei locuin\u0163e proprietate personal\u0103, \u00een baza Legii nr.15\/2003 \u00b7\u00a0\u00a0\u00cenchirieri terenuri agricole\u00a0 \u00b7\u00a0\u00a0Prelungirea contractului de \u00eenchiriere pentru spa\u0163ii cu alt\u0103 destina\u0163ie dec\u00e2t cea de locuin\u0163\u0103\u00een baza Legii nr. 15\/1990\u00a0 &hellip; <a href=\"https:\/\/comunavladimir.ro\/?page_id=522\" class=\"more-link\">Continue reading <span class=\"screen-reader-text\">Administrare patrimoniu<\/span> <span class=\"meta-nav\">&rarr;<\/span><\/a><\/p>\n","protected":false},"author":2,"featured_media":0,"parent":420,"menu_order":0,"comment_status":"closed","ping_status":"closed","template":"","meta":{"footnotes":""},"class_list":["post-522","page","type-page","status-publish","hentry"],"_links":{"self":[{"href":"https:\/\/comunavladimir.ro\/index.php?rest_route=\/wp\/v2\/pages\/522","targetHints":{"allow":["GET"]}}],"collection":[{"href":"https:\/\/comunavladimir.ro\/index.php?rest_route=\/wp\/v2\/pages"}],"about":[{"href":"https:\/\/comunavladimir.ro\/index.php?rest_route=\/wp\/v2\/types\/page"}],"author":[{"embeddable":true,"href":"https:\/\/comunavladimir.ro\/index.php?rest_route=\/wp\/v2\/users\/2"}],"replies":[{"embeddable":true,"href":"https:\/\/comunavladimir.ro\/index.php?rest_route=%2Fwp%2Fv2%2Fcomments&post=522"}],"version-history":[{"count":7,"href":"https:\/\/comunavladimir.ro\/index.php?rest_route=\/wp\/v2\/pages\/522\/revisions"}],"predecessor-version":[{"id":665,"href":"https:\/\/comunavladimir.ro\/index.php?rest_route=\/wp\/v2\/pages\/522\/revisions\/665"}],"up":[{"embeddable":true,"href":"https:\/\/comunavladimir.ro\/index.php?rest_route=\/wp\/v2\/pages\/420"}],"wp:attachment":[{"href":"https:\/\/comunavladimir.ro\/index.php?rest_route=%2Fwp%2Fv2%2Fmedia&parent=522"}],"curies":[{"name":"wp","href":"https:\/\/api.w.org\/{rel}","templated":true}]}}