{"id":1497,"date":"2019-02-14T12:19:56","date_gmt":"2019-02-14T10:19:56","guid":{"rendered":"http:\/\/www.comunavladimir.ro\/?page_id=1497"},"modified":"2019-02-14T12:58:45","modified_gmt":"2019-02-14T10:58:45","slug":"solicitare-informatii","status":"publish","type":"page","link":"https:\/\/comunavladimir.ro\/?page_id=1497","title":{"rendered":"Solicitare informatii"},"content":{"rendered":"<p>Pentru a solicita institu\u021biei informa\u0163ii de interes public, conform prevederilor Legii nr. 544 din 12 octombrie 2001, cu modific\u0103rile \u015fi complet\u0103rile ulterioare, privind liberul acces la informa\u0163iile de interes public, v\u0103 rug\u0103m s\u0103 va adresati persoanelor desemnate in acest scop:<\/p>\n<p>Nume si prenume:<\/p>\n<p>Func\u021bie:<\/p>\n<p>Coordonate de contact<\/p>\n<p>Telefon: 0253-230131<\/p>\n<p>adresa de email: primariavladimirgj@yahoo.com<\/p>\n<p>Program de func\u0163ionare:<\/p>\n<p>Luni,miercuri,joi :8.30-16.30<br \/>\nMarti: 10.00-18.30<br \/>\nVineri: 8.30-14.00<\/p>\n<p>Formularul pentru solicitarea de informa\u021bii \u00een baza Legii 544\/2001 este disponibil <a href=\".\/pdf\/Formulare\/tipizate\/41-formular-solicitare-Lg.-544.pdf\">aici<\/a>.<\/p>\n<p>Modalit\u0103\u0163i de contestare a deciziei:<br \/>\n\u00cen cazul \u00een care o persoan\u0103 consider\u0103 c\u0103 dreptul s\u0103u privind accesul la informa\u0163iile de interes public a fost \u00eenc\u0103lcat, aceasta se poate adresa cu reclama\u0163ie administrativ\u0103 conduc\u0103torului autorit\u0103\u0163ii sau institu\u0163iei publice c\u0103reia i-a fost solicitat\u0103 informa\u0163ia, \u00een conformitate cu prevederile art. 21 alin. (2) din Legea nr. 544\/2001 privind liberul acces la informa\u0163iile de interes public, cu modific\u0103rile \u015fi complet\u0103rile ulterioare, precum \u015fi ale art. 32-35 din Normele metodologice de aplicare a Legii nr. 544\/2001 privind liberul acces la informa\u0163iile de interes public, aprobate prin HG nr. 123\/2002, modificat\u0103 \u0219i completat\u0103 prin HG 478\/2016.<br \/>\nModele de reclama\u0163ii administrative se g\u0103sesc la anexele 5 \u015fi 6 ale Normelor metodologice sau <a href=\".\/pdf\/Formulare\/tipizate\/41-reclamatie-administrativa.pdf\">aici<\/a>.<\/p>\n<p>De asemenea, \u00een cazul \u00een care solicitantul se consider\u0103 v\u0103t\u0103mat \u00een drepturile sale prev\u0103zute de lege, poate depune pl\u00e2ngere la sec\u0163ia de contencios administrativ a tribunalului \u00een a c\u0103rei raz\u0103 teritorial\u0103 domiciliaz\u0103 sau \u00een a c\u0103rei raz\u0103 teritorial\u0103 se afl\u0103 sediul institu\u0163iei sau autorit\u0103\u0163ii publice, a\u015fa cum prevede art. 22 alin. (1) din Legea nr, 544\/2001, cu modific\u0103rile \u015fi complet\u0103rile uterioare, \u015fi art. 36 din Normele metodologice ale Legii nr.544\/2001, aprobate prin HG nr. 123\/2002, completat\u0103 \u0219i modificat\u0103 prin HG 478\/2016.<\/p>\n","protected":false},"excerpt":{"rendered":"<p>Pentru a solicita institu\u021biei informa\u0163ii de interes public, conform prevederilor Legii nr. 544 din 12 octombrie 2001, cu modific\u0103rile \u015fi complet\u0103rile ulterioare, privind liberul acces la informa\u0163iile de interes public, v\u0103 rug\u0103m s\u0103 va adresati persoanelor desemnate in acest scop: Nume si prenume: Func\u021bie: Coordonate de contact Telefon: 0253-230131 adresa de email: primariavladimirgj@yahoo.com Program de &hellip; <a href=\"https:\/\/comunavladimir.ro\/?page_id=1497\" class=\"more-link\">Continue reading <span class=\"screen-reader-text\">Solicitare informatii<\/span> <span class=\"meta-nav\">&rarr;<\/span><\/a><\/p>\n","protected":false},"author":2,"featured_media":0,"parent":193,"menu_order":0,"comment_status":"closed","ping_status":"closed","template":"","meta":{"footnotes":""},"class_list":["post-1497","page","type-page","status-publish","hentry"],"_links":{"self":[{"href":"https:\/\/comunavladimir.ro\/index.php?rest_route=\/wp\/v2\/pages\/1497","targetHints":{"allow":["GET"]}}],"collection":[{"href":"https:\/\/comunavladimir.ro\/index.php?rest_route=\/wp\/v2\/pages"}],"about":[{"href":"https:\/\/comunavladimir.ro\/index.php?rest_route=\/wp\/v2\/types\/page"}],"author":[{"embeddable":true,"href":"https:\/\/comunavladimir.ro\/index.php?rest_route=\/wp\/v2\/users\/2"}],"replies":[{"embeddable":true,"href":"https:\/\/comunavladimir.ro\/index.php?rest_route=%2Fwp%2Fv2%2Fcomments&post=1497"}],"version-history":[{"count":6,"href":"https:\/\/comunavladimir.ro\/index.php?rest_route=\/wp\/v2\/pages\/1497\/revisions"}],"predecessor-version":[{"id":1535,"href":"https:\/\/comunavladimir.ro\/index.php?rest_route=\/wp\/v2\/pages\/1497\/revisions\/1535"}],"up":[{"embeddable":true,"href":"https:\/\/comunavladimir.ro\/index.php?rest_route=\/wp\/v2\/pages\/193"}],"wp:attachment":[{"href":"https:\/\/comunavladimir.ro\/index.php?rest_route=%2Fwp%2Fv2%2Fmedia&parent=1497"}],"curies":[{"name":"wp","href":"https:\/\/api.w.org\/{rel}","templated":true}]}}